digit of 1/(-2)*(s + -4)?
1
Let p(w) = w**3 - 4*w**2 + 3*w. Let i be p(3). Let y be (6 - (4 - 2)) + i. Let k = -3 + y. What is the units digit of k?
1
Let u(s) = 11*s + 6. Let g be (3/2)/(14/28). What is the tens digit of u(g)?
3
Let y(i) = 8*i. What is the units digit of y(1)?
8
Let x(l) = -l**3 - 4*l**2 + 5*l + 3. What is the units digit of x(-5)?
3
Let y = 10 - 5. Suppose -5*x - 144 = -y*d - x, -3*d + 85 = -x. What is the units digit of d?
8
Let x be 2/7 + 111/(-21). What is the tens digit of (-1 + 0)*165/x?
3
Suppose -2*j + 2*q = 102, -2*j + 49 = -3*j + 3*q. Let v = -36 - j. What is the tens digit of v?
1
Let f = 70 - -26. What is the units digit of f?
6
What is the tens digit of 1 + 139/3*6?
7
Suppose -t + 2 = -15. Suppose 5*c + 4*m - t + 1 = 0, -2*m = -4*c - 8. Suppose 2*y + 82 = 4*x, c*x - y = x - 13. What is the units digit of x?
8
Suppose -20 = -7*s + 3*s. Suppose -s*m - 96 = -3*l, -5*l + 225 = -2*m + 46. Suppose -4*d = t - l, 2 = 2*d - 3*t + 1. What is the units digit of d?
8
Let d(x) = -9*x**3 - 3*x**2 - x + 1. Let b = -1 + -1. Let c be d(b). What is the units digit of c/6*(-4)/(-6)?
7
Let z be (-40)/2*(-6)/(-8). Let o = 37 + z. What is the tens digit of o?
2
Let g be (-15)/(-10) - (-45)/(-6). What is the tens digit of (44/g)/(6/(-9))?
1
Let v(o) be the second derivative of o**4/4 - o**3/6 + 3*o. Let i be v(1). Suppose 4 = x, -2 = i*k - 2*x - x. What is the units digit of k?
5
Let l = 5 + -7. Let n(a) = 2*a**2 - 3*a - 5. What is the units digit of n(l)?
9
Let f = 8 + -6. Suppose f*z - 5*j - 15 = 0, 0*j = -3*j - 3. Suppose 3*h - 22 = -2*o - 2, 0 = z*o - h - 50. What is the tens digit of o?
1
Let y = 11 + -48. What is the units digit of (-3)/(-3) - y - 2?
6
Suppose -30*c = -35*c + 120. What is the tens digit of c?
2
Let m be -1 + 0 - (-1 - 2). Let f be (-29)/((-1*m)/2). Suppose -3*y - 2*n + f = 9, -y - 2*n = 0. What is the units digit of y?
0
Let g(u) be the second derivative of -u**5/20 - 7*u**4/12 + 5*u**3/6 - 5*u**2/2 - u. What is the units digit of g(-8)?
9
Let i be 2 + 1 - (-30)/(-10). Let w be i*(5/2)/5. Suppose -4*p + w*p + 2*l = -2, 2*l = -p + 13. What is the units digit of p?
3
Let i(g) be the third derivative of g**6/10 - g**5/30 + g**4/12 - g**3/6 + 5*g**2. Let n be 2/(-2) + (-8)/(-4). What is the units digit of i(n)?
1
Suppose -2*j = -9*j + 364. What is the units digit of j?
2
Let u(b) = b**3 + 5*b**2 - 4*b - 3. What is the tens digit of u(-5)?
1
Suppose 3*r - 20 = -r. Suppose v + 4 = 10. Suppose v = 3*k, 31 = r*w - k - 7. What is the units digit of w?
8
Let x(b) = b. Suppose p - 8 = -2*p + 2*n, -16 = -4*p + 4*n. Let t be x(p). Suppose 10*v - 5*v - 33 = 4*i, t = -3*v - 3*i + 9. What is the units digit of v?
5
Let o(s) = -s**3 - 7*s**2 + 7*s - 6. Let i be o(-8). Suppose -x = -i*x. Let q(r) = -r**2 - r + 14. What is the units digit of q(x)?
4
Let q = 73 + -26. What is the units digit of q?
7
Suppose 0 = -5*p + 10. What is the tens digit of 2 - 2 - (-32)/p?
1
Let z(a) = -a**2 + a**2 + 2*a - 1 + 2*a**3. What is the units digit of z(2)?
9
What is the tens digit of 21 + -1 + 9 + -12?
1
Let q be 4*3/6 - -25. Suppose -5*i = 4*z - q, -i + 15 = 2*z + 2*i. Suppose -z*j + 21 = -0*j. What is the units digit of j?
7
Let t = -6 - -11. Suppose w - 1 = t*x, -4*w + 0 = x - 4. Let b = w - -15. What is the units digit of b?
6
Let a = -30 - -48. What is the units digit of a?
8
Let b = 28 + -4. What is the units digit of b?
4
Suppose 20*a + 406 = 27*a. What is the units digit of a?
8
Let u(n) = -n**2 + 7*n + 8. Let w be u(7). What is the units digit of w*(-3)/(-5 + 2)?
8
Suppose -k = 3*a + 3 - 4, -22 = -2*k - 2*a. Let c(v) = -2*v**3 - 4*v**2 - 2*v + 1. Let g be c(-2). What is the units digit of k/10*g/1?
8
Suppose 0 = 8*s + 131 - 539. What is the units digit of s?
1
Let o(z) = -z + 28. What is the tens digit of o(0)?
2
What is the units digit of (20/(-8) + 6)*4/7?
2
Suppose 4*a + 35 = o, 3*o + 6*a = a + 71. Suppose o = 3*r + 9. What is the units digit of r?
6
Let y(s) = -2*s - 4. Let g be y(-5). Let j(c) = 2*c**2 - 7*c - 1. What is the tens digit of j(g)?
2
What is the units digit of 3 + (13 - -2 - -1)?
9
Let h = -2 + 4. Let k(z) = -z**2 - 4*z + 5. Let o be k(-5). Let c = o + h. What is the units digit of c?
2
Let u(j) = -j - 1. Let d = 0 - -1. Let p be u(d). What is the units digit of p*(1/(-2) + -2)?
5
What is the tens digit of 6 - (-4 + 2 + -2)?
1
Suppose 8*i = 12*i - 68. What is the units digit of i?
7
Suppose 2*u - 4 = 3*t + 5, 5*t + u + 2 = 0. What is the units digit of 2 + (-22)/(-2) + t?
2
Let k = 11 + -21. Let p be (54/(-15))/((-2)/k). Let o = -6 - p. What is the tens digit of o?
1
Let b = 15 + -22. Let x be b/7 - (-4 - -1). Suppose 2*v + x = 8. What is the units digit of v?
3
Suppose -5*i + q = -13, 0*i + q + 1 = -i. Suppose -4*b + 8 = 4*p, 0*b = -i*p + 2*b. What is the units digit of p?
1
Let l(u) be the third derivative of u**4/24 + 7*u**3/6 + 2*u**2. Let h be l(-5). What is the units digit of 1/(2 + (h - 3))?
1
Suppose -2*b + b + 56 = 0. What is the units digit of b?
6
What is the units digit of 6/4*860/30?
3
Let t = -39 + 64. Suppose -5*i + t = x, 2*x + x - 11 = i. What is the units digit of i?
4
Suppose -6 + 0 = 3*g + 4*m, 5*g - m = -33. Let f = 7 + g. What is the units digit of f?
1
Suppose -57 = -u + 4*u. Let w = -11 - u. What is the units digit of w?
8
Suppose -2*c = -2*w + 16, 0*c - 16 = -3*w - c. Suppose 0 = -w*v + 5*v + 23. What is the tens digit of v?
2
Let j = -85 + 192. What is the tens digit of j?
0
Let t(j) = j + 2. Let c be t(-6). Let l(w) = -w**2 - 6*w - 6. Let d be l(c). Suppose -d = -k - 0. What is the units digit of k?
2
Suppose 89 - 20 = 3*y. What is the units digit of y?
3
Suppose 108 = 6*p - 60. What is the tens digit of p?
2
Suppose 846 = 8*p + p. What is the units digit of p?
4
Let j(a) = a - 3. Let f be j(7). Suppose -n - 2 = f*v + 14, 2*n - 13 = v. What is the units digit of n?
4
Let o = 456 + -298. What is the tens digit of o?
5
Let p = 5717 - 8063. What is the tens digit of 4/10 - p/85?
2
What is the tens digit of ((-41)/(-2))/(1/(15 - 5))?
0
Let u(p) = -7*p**2 + 1. Let o be u(-1). Let v = 11 + o. Suppose v*w - 2 = 2*h, 2*h = 8 - 0. What is the units digit of w?
2
Let y(j) = j**3 + 3*j**2 - 5*j - 1. Let f be y(-4). Suppose r + v = 1 + 11, f*v = -2*r + 26. Suppose -3*u + 2 = -r, s = 2*u - 2. What is the units digit of s?
6
Let u(c) = c**3 + 3*c**2 - 1. Let b = 8 + -9. What is the units digit of u(b)?
1
Let f(j) = -j + 7. Let v be f(5). Suppose v*b = 4*c - 28, -c + 27 = -4*b + 6. Let h = 6 + b. What is the units digit of h?
2
Let o = 95 + -68. What is the units digit of o?
7
Suppose -3*v + 118 - 19 = 0. What is the units digit of v?
3
Let y(x) be the second derivative of -x**5/20 + x**4/3 + x**3/6 - 4*x**2 - 4*x. Let b be y(6). Let w = -53 - b. What is the tens digit of w?
2
Let s be ((-16)/20)/((-1)/5). Suppose 5*c + 29 = 2*v, s*c = 5*v - 0*v - 30. Suppose -g + 2*m + v + 7 = 0, 2*g = m + 15. What is the units digit of g?
7
Let s(u) = u**2 - 4*u - 1. Suppose -i + 7 = -o, -4 = 2*o - 2. What is the tens digit of s(i)?
1
Suppose -2*l + 12 = -2*m, 0*m - 6 = 2*m. Suppose 0 = 2*i + 3*i + 2*r - 60, -4*r + 22 = l*i. What is the units digit of i?
4
Let t be 18/5 + 4/10. Let j(z) be the second derivative of -z**5/20 + z**4/3 + z**3/6 + 3*z**2/2 + 4*z. What is the units digit of j(t)?
7
Let f be ((-2)/4)/(4/(-16)). Suppose -f*i + i = -5. What is the units digit of i?
5
Suppose 4*s - 92 - 164 = 0. What is the units digit of s?
4
Let l = 3 - -1. Suppose 8 = l*y - 0*y. Suppose 3*f - 9 = -5*o, -17 = -5*o + y*f - f. What is the units digit of o?
3
Suppose 5*r - 21 + 1 = 0. Suppose r*b = -b + 140. What is the units digit of b?
8
Let h = 6 - 3. Suppose 59 = 5*z + 4*a - 2*a, -h*a - 9 = 0. What is the units digit of z?
3
Let m(l) = l**3 - 8*l**2 + 2*l - 12. Let d be m(8). Suppose 24 = 2*x + d. What is the units digit of x?
0
Suppose 2*p - 5*g + 2*g + 54 = 0, -5*p - g - 135 = 0. Let u(t) = -2*t**2 - 6*t - 5. Let y be u(-4). Let x = y - p. What is the units digit of x?
4
Suppose -14*m + 6*m + 288 = 0. What is the units digit of m?
6
Let q(a) = a**2 - 4*a + 1. Let u be q(5). Suppose -72 = 3*p - u*p. What is the tens digit of p?
2
Let q(c) = -c**3 + 10*c**2 + c - 8. Let r be q(10). Suppose 4*i = r*i + 20. What is the units di